{"id":87,"date":"2018-11-04T10:00:06","date_gmt":"2018-11-04T10:00:06","guid":{"rendered":"http:\/\/johannesvonbuttlar-schlagzeug.de\/?page_id=87"},"modified":"2021-09-22T09:36:45","modified_gmt":"2021-09-22T09:36:45","slug":"lonachod","status":"publish","type":"page","link":"https:\/\/johannesvonbuttlar-schlagzeug.de\/?page_id=87","title":{"rendered":"Lonochod"},"content":{"rendered":"<p>\u041b\u0443\u043d\u043e\u0445\u043e\u0434<\/p>\n<p><a href=\"http:\/\/www.michaelbreitenbach.de\">Michi Breitenbach RAWI, modularsynth, ss<\/a><\/p>\n<p><a href=\"http:\/\/johannesvonbuttlar-schlagzeug.de\">Johannes von Buttlar dr<\/a><\/p>\n<p><a href=\"http:\/\/monkymusic.com\">Steffen Roth dr<\/a><\/p>\n<p>\u041b\u0443\u043d\u043e\u0445\u043e\u0434 (Lunochod), benannt nach den sowjetischen Mondmobilen, ist ein Soundzonenforschungsprojekt in ungew\u00f6hnlicher Besetzung. Wenn &#8222;Mondgang&#8220; ist und sich das Trio auf Expedition begibt generieren die zwei Schlagzeuger treibende, oft ametrische Rhythmen und Klangkonstrukte in diversen Farben. Das RAWI (EWI + DIY-Touch-Sensitive-Synth), Modularsynth und Sopransaxophon steuern experimentelles Tonmaterial jenseits der 12-t\u00f6nigen Temperierung, Konterparts, Drones und Tiefb\u00e4sse bei. Zur Erleichterung der Fahr- bzw. Klangman\u00f6ver ist Lunochod mit einem Neigungsmesser(Michi), einem Bodenf\u00fchler (Johannes) und einem Kreiselsystem (Steffen) ausgestattet<\/p>\n\n\n<figure class=\"wp-block-embed is-type-video is-provider-youtube wp-block-embed-youtube wp-embed-aspect-16-9 wp-has-aspect-ratio\"><div class=\"wp-block-embed__wrapper\">\n<div class=\"arve\" data-mode=\"normal\" data-oembed=\"1\" data-provider=\"youtube\" id=\"arve-youtube-6_amlzmj-bi69e0142b10c7a955580106\">\n<span class=\"arve-inner\">\n<span class=\"arve-embed arve-embed--has-aspect-ratio\">\n<span class=\"arve-ar\" style=\"padding-top:56.250000%\"><\/span><iframe allow=\"accelerometer; autoplay; clipboard-write; encrypted-media; gyroscope; picture-in-picture\" allowfullscreen class=\"arve-iframe fitvidsignore\" data-arve=\"arve-youtube-6_amlzmj-bi69e0142b10c7a955580106\" data-src-no-ap=\"https:\/\/www.youtube-nocookie.com\/embed\/6_aMLzmJ-BI?feature=oembed&amp;iv_load_policy=3&amp;modestbranding=1&amp;rel=0&amp;autohide=1&amp;playsinline=0&amp;autoplay=0\" frameborder=\"0\" height=\"0\" sandbox=\"allow-scripts allow-same-origin allow-presentation allow-popups allow-popups-to-escape-sandbox\" scrolling=\"no\" src=\"https:\/\/www.youtube-nocookie.com\/embed\/6_aMLzmJ-BI?feature=oembed&#038;iv_load_policy=3&#038;modestbranding=1&#038;rel=0&#038;autohide=1&#038;playsinline=0&#038;autoplay=0\"><\/iframe>\n\n<\/span>\n\n<\/span>\n<script type=\"application\/ld+json\">{\"@context\":\"http:\\\/\\\/schema.org\\\/\",\"@id\":\"https:\\\/\\\/johannesvonbuttlar-schlagzeug.de\\\/?page_id=87#arve-youtube-6_amlzmj-bi69e0142b10c7a955580106\",\"type\":\"VideoObject\",\"embedURL\":\"https:\\\/\\\/www.youtube-nocookie.com\\\/embed\\\/6_aMLzmJ-BI?feature=oembed&iv_load_policy=3&modestbranding=1&rel=0&autohide=1&playsinline=0&autoplay=0\"}<\/script>\n<\/div>\n\n<\/div><\/figure>\n","protected":false},"excerpt":{"rendered":"<p>\u041b\u0443\u043d\u043e\u0445\u043e\u0434 Michi Breitenbach RAWI, modularsynth, ss Johannes von Buttlar dr Steffen Roth dr \u041b\u0443\u043d\u043e\u0445\u043e\u0434 (Lunochod), benannt nach den sowjetischen Mondmobilen, ist ein Soundzonenforschungsprojekt in ungew\u00f6hnlicher Besetzung. Wenn &#8222;Mondgang&#8220; ist und sich das Trio auf Expedition&hellip; <\/p>\n<p><a class=\"more-link\" href=\"https:\/\/johannesvonbuttlar-schlagzeug.de\/?page_id=87\">Lonochod weiterlesen<\/a><\/p>\n","protected":false},"author":1,"featured_media":0,"parent":0,"menu_order":0,"comment_status":"closed","ping_status":"closed","template":"","meta":{"footnotes":""},"class_list":["post-87","page","type-page","status-publish","hentry"],"_links":{"self":[{"href":"https:\/\/johannesvonbuttlar-schlagzeug.de\/index.php?rest_route=\/wp\/v2\/pages\/87","targetHints":{"allow":["GET"]}}],"collection":[{"href":"https:\/\/johannesvonbuttlar-schlagzeug.de\/index.php?rest_route=\/wp\/v2\/pages"}],"about":[{"href":"https:\/\/johannesvonbuttlar-schlagzeug.de\/index.php?rest_route=\/wp\/v2\/types\/page"}],"author":[{"embeddable":true,"href":"https:\/\/johannesvonbuttlar-schlagzeug.de\/index.php?rest_route=\/wp\/v2\/users\/1"}],"replies":[{"embeddable":true,"href":"https:\/\/johannesvonbuttlar-schlagzeug.de\/index.php?rest_route=%2Fwp%2Fv2%2Fcomments&post=87"}],"version-history":[{"count":8,"href":"https:\/\/johannesvonbuttlar-schlagzeug.de\/index.php?rest_route=\/wp\/v2\/pages\/87\/revisions"}],"predecessor-version":[{"id":306,"href":"https:\/\/johannesvonbuttlar-schlagzeug.de\/index.php?rest_route=\/wp\/v2\/pages\/87\/revisions\/306"}],"wp:attachment":[{"href":"https:\/\/johannesvonbuttlar-schlagzeug.de\/index.php?rest_route=%2Fwp%2Fv2%2Fmedia&parent=87"}],"curies":[{"name":"wp","href":"https:\/\/api.w.org\/{rel}","templated":true}]}}