{"id":374,"date":"2022-08-31T20:30:14","date_gmt":"2022-08-31T20:30:14","guid":{"rendered":"https:\/\/johannesvonbuttlar-schlagzeug.de\/?page_id=374"},"modified":"2024-10-16T20:57:30","modified_gmt":"2024-10-16T20:57:30","slug":"altered-forms-trio","status":"publish","type":"page","link":"https:\/\/johannesvonbuttlar-schlagzeug.de\/?page_id=374","title":{"rendered":"Altered Forms Trio"},"content":{"rendered":"\n<p>Das Altered Forms Trio n\u00e4hert sich explosiver frei improvisierter Musik<br>mit dem Gef\u00fchl des Jazz und der Mentalit\u00e4t der Avantgarde. Das in<br>Leipzig ans\u00e4ssige Trio ist ein Ort der Begegnung f\u00fcr drei vielf\u00e4ltige<br>Musiker: den Pianisten und Komponisten Gregor Forbes, den Bassisten<br>Robert Lucaciu und den Schlagzeuger Johannes von Buttlar. Musikalische<br>Gesten werden bis an ihre kommunikativen Grenzen gedehnt; Kl\u00e4nge und<br>Formen werden neu behandelt; unerwartete Emotionen kommen zum Vorschein.<\/p>\n\n\n\n<div style=\"height:36px\" aria-hidden=\"true\" class=\"wp-block-spacer\"><\/div>\n\n\n\n<figure class=\"wp-block-embed is-type-video is-provider-youtube wp-block-embed-youtube wp-embed-aspect-16-9 wp-has-aspect-ratio\"><div class=\"wp-block-embed__wrapper\">\n<div class=\"arve\" data-mode=\"normal\" data-oembed=\"1\" data-provider=\"youtube\" id=\"arve-youtube-sldbe9fq2w469f63fbd16a3f038200325\">\n<span class=\"arve-inner\">\n<span class=\"arve-embed arve-embed--has-aspect-ratio\">\n<span class=\"arve-ar\" style=\"padding-top:56.250000%\"><\/span><iframe allow=\"accelerometer; autoplay; clipboard-write; encrypted-media; gyroscope; picture-in-picture\" allowfullscreen class=\"arve-iframe fitvidsignore\" data-arve=\"arve-youtube-sldbe9fq2w469f63fbd16a3f038200325\" data-src-no-ap=\"https:\/\/www.youtube-nocookie.com\/embed\/sLdBe9FQ2W4?feature=oembed&amp;iv_load_policy=3&amp;modestbranding=1&amp;rel=0&amp;autohide=1&amp;playsinline=0&amp;autoplay=0\" frameborder=\"0\" height=\"0\" sandbox=\"allow-scripts allow-same-origin allow-presentation allow-popups allow-popups-to-escape-sandbox\" scrolling=\"no\" src=\"https:\/\/www.youtube-nocookie.com\/embed\/sLdBe9FQ2W4?feature=oembed&#038;iv_load_policy=3&#038;modestbranding=1&#038;rel=0&#038;autohide=1&#038;playsinline=0&#038;autoplay=0\"><\/iframe>\n\n<\/span>\n\n<\/span>\n<script type=\"application\/ld+json\">{\"@context\":\"http:\\\/\\\/schema.org\\\/\",\"@id\":\"https:\\\/\\\/johannesvonbuttlar-schlagzeug.de\\\/?page_id=374#arve-youtube-sldbe9fq2w469f63fbd16a3f038200325\",\"type\":\"VideoObject\",\"embedURL\":\"https:\\\/\\\/www.youtube-nocookie.com\\\/embed\\\/sLdBe9FQ2W4?feature=oembed&iv_load_policy=3&modestbranding=1&rel=0&autohide=1&playsinline=0&autoplay=0\"}<\/script>\n<\/div>\n\n<\/div><\/figure>\n\n\n\n<div style=\"height:18px\" aria-hidden=\"true\" class=\"wp-block-spacer\"><\/div>\n\n\n\n<p><a href=\"https:\/\/www.gregorforbesmusic.com\/\" target=\"_blank\" rel=\"noreferrer noopener\">Gregor Forbes, piano<\/a><br><a href=\"https:\/\/robertlucaciu.info\/\" target=\"_blank\" rel=\"noreferrer noopener\">Robert Lucaciu, bass<\/a><br><a href=\"https:\/\/johannesvonbuttlar-schlagzeug.de\/\">Johannes von Buttlar, drums<\/a><\/p>\n\n\n\n<div style=\"height:100px\" aria-hidden=\"true\" class=\"wp-block-spacer\"><\/div>\n\n\n\n<figure class=\"wp-block-embed is-type-video is-provider-youtube wp-block-embed-youtube wp-embed-aspect-16-9 wp-has-aspect-ratio\"><div class=\"wp-block-embed__wrapper\">\n<div class=\"arve\" data-mode=\"normal\" data-oembed=\"1\" data-provider=\"youtube\" id=\"arve-youtube-6xt9yahjafq69f63fbd17bce979910892\">\n<span class=\"arve-inner\">\n<span class=\"arve-embed arve-embed--has-aspect-ratio\">\n<span class=\"arve-ar\" style=\"padding-top:56.250000%\"><\/span><iframe allow=\"accelerometer; autoplay; clipboard-write; encrypted-media; gyroscope; picture-in-picture\" allowfullscreen class=\"arve-iframe fitvidsignore\" data-arve=\"arve-youtube-6xt9yahjafq69f63fbd17bce979910892\" data-src-no-ap=\"https:\/\/www.youtube-nocookie.com\/embed\/6xT9YAhJAFQ?feature=oembed&amp;iv_load_policy=3&amp;modestbranding=1&amp;rel=0&amp;autohide=1&amp;playsinline=0&amp;autoplay=0\" frameborder=\"0\" height=\"0\" sandbox=\"allow-scripts allow-same-origin allow-presentation allow-popups allow-popups-to-escape-sandbox\" scrolling=\"no\" src=\"https:\/\/www.youtube-nocookie.com\/embed\/6xT9YAhJAFQ?feature=oembed&#038;iv_load_policy=3&#038;modestbranding=1&#038;rel=0&#038;autohide=1&#038;playsinline=0&#038;autoplay=0\"><\/iframe>\n\n<\/span>\n\n<\/span>\n<script type=\"application\/ld+json\">{\"@context\":\"http:\\\/\\\/schema.org\\\/\",\"@id\":\"https:\\\/\\\/johannesvonbuttlar-schlagzeug.de\\\/?page_id=374#arve-youtube-6xt9yahjafq69f63fbd17bce979910892\",\"type\":\"VideoObject\",\"embedURL\":\"https:\\\/\\\/www.youtube-nocookie.com\\\/embed\\\/6xT9YAhJAFQ?feature=oembed&iv_load_policy=3&modestbranding=1&rel=0&autohide=1&playsinline=0&autoplay=0\"}<\/script>\n<\/div>\n\n<\/div><\/figure>\n\n\n\n<div style=\"height:100px\" aria-hidden=\"true\" class=\"wp-block-spacer\"><\/div>\n\n\n\n<figure class=\"wp-block-image size-full is-resized\"><a href=\"https:\/\/open.spotify.com\/album\/0DuJ8RFd8wrBKQGzoPVvYy?si=vGL8oQJCTSCX6Qn9e6oNEw\" target=\"_blank\" rel=\"noreferrer noopener\"><img loading=\"lazy\" decoding=\"async\" width=\"762\" height=\"770\" src=\"https:\/\/johannesvonbuttlar-schlagzeug.de\/wp-content\/uploads\/2024\/10\/Bildschirm\u00adfoto-2024-10-16-um-22.52.01.png\" alt=\"\" class=\"wp-image-649\" style=\"width:605px;height:auto\" srcset=\"https:\/\/johannesvonbuttlar-schlagzeug.de\/wp-content\/uploads\/2024\/10\/Bildschirm\u00adfoto-2024-10-16-um-22.52.01.png 762w, https:\/\/johannesvonbuttlar-schlagzeug.de\/wp-content\/uploads\/2024\/10\/Bildschirm\u00adfoto-2024-10-16-um-22.52.01-297x300.png 297w\" sizes=\"auto, (max-width: 762px) 100vw, 762px\" \/><\/a><\/figure>\n\n\n\n<div style=\"height:225px\" aria-hidden=\"true\" class=\"wp-block-spacer\"><\/div>\n\n\n\n<figure class=\"wp-block-image size-large\"><img loading=\"lazy\" decoding=\"async\" width=\"1024\" height=\"683\" src=\"https:\/\/johannesvonbuttlar-schlagzeug.de\/wp-content\/uploads\/2024\/07\/5956247400869903937_121-1024x683.jpg\" alt=\"\" class=\"wp-image-616\" srcset=\"https:\/\/johannesvonbuttlar-schlagzeug.de\/wp-content\/uploads\/2024\/07\/5956247400869903937_121-1024x683.jpg 1024w, https:\/\/johannesvonbuttlar-schlagzeug.de\/wp-content\/uploads\/2024\/07\/5956247400869903937_121-300x200.jpg 300w, https:\/\/johannesvonbuttlar-schlagzeug.de\/wp-content\/uploads\/2024\/07\/5956247400869903937_121-768x512.jpg 768w, https:\/\/johannesvonbuttlar-schlagzeug.de\/wp-content\/uploads\/2024\/07\/5956247400869903937_121.jpg 1280w\" sizes=\"auto, (max-width: 1024px) 100vw, 1024px\" \/><\/figure>\n\n\n\n<figure class=\"wp-block-embed is-type-video is-provider-youtube wp-block-embed-youtube wp-embed-aspect-16-9 wp-has-aspect-ratio\"><div class=\"wp-block-embed__wrapper\">\n<div class=\"arve\" data-mode=\"normal\" data-oembed=\"1\" data-provider=\"youtube\" id=\"arve-youtube-03ik6b5ou3i69f63fbd18dcc881966819\">\n<span class=\"arve-inner\">\n<span class=\"arve-embed arve-embed--has-aspect-ratio\">\n<span class=\"arve-ar\" style=\"padding-top:56.250000%\"><\/span><iframe allow=\"accelerometer; autoplay; clipboard-write; encrypted-media; gyroscope; picture-in-picture\" allowfullscreen class=\"arve-iframe fitvidsignore\" data-arve=\"arve-youtube-03ik6b5ou3i69f63fbd18dcc881966819\" data-src-no-ap=\"https:\/\/www.youtube-nocookie.com\/embed\/03IK6b5OU3I?feature=oembed&amp;iv_load_policy=3&amp;modestbranding=1&amp;rel=0&amp;autohide=1&amp;playsinline=0&amp;autoplay=0\" frameborder=\"0\" height=\"0\" sandbox=\"allow-scripts allow-same-origin allow-presentation allow-popups allow-popups-to-escape-sandbox\" scrolling=\"no\" src=\"https:\/\/www.youtube-nocookie.com\/embed\/03IK6b5OU3I?feature=oembed&#038;iv_load_policy=3&#038;modestbranding=1&#038;rel=0&#038;autohide=1&#038;playsinline=0&#038;autoplay=0\"><\/iframe>\n\n<\/span>\n\n<\/span>\n<script type=\"application\/ld+json\">{\"@context\":\"http:\\\/\\\/schema.org\\\/\",\"@id\":\"https:\\\/\\\/johannesvonbuttlar-schlagzeug.de\\\/?page_id=374#arve-youtube-03ik6b5ou3i69f63fbd18dcc881966819\",\"type\":\"VideoObject\",\"embedURL\":\"https:\\\/\\\/www.youtube-nocookie.com\\\/embed\\\/03IK6b5OU3I?feature=oembed&iv_load_policy=3&modestbranding=1&rel=0&autohide=1&playsinline=0&autoplay=0\"}<\/script>\n<\/div>\n\n<\/div><\/figure>\n\n\n\n<div style=\"height:15px\" aria-hidden=\"true\" class=\"wp-block-spacer\"><\/div>\n\n\n\n<p><a href=\"https:\/\/www.gregorforbesmusic.com\/\" target=\"_blank\" rel=\"noreferrer noopener\">Gregor Forbes, piano<\/a><br><a href=\"https:\/\/robertlucaciu.info\/\" target=\"_blank\" rel=\"noreferrer noopener\">Robert Lucaciu, bass<\/a><br><a href=\"https:\/\/johannesvonbuttlar-schlagzeug.de\/\">Johannes von Buttlar, drums<\/a><\/p>\n\n\n\n<figure class=\"wp-block-image size-large\"><img loading=\"lazy\" decoding=\"async\" width=\"1024\" height=\"682\" src=\"https:\/\/johannesvonbuttlar-schlagzeug.de\/wp-content\/uploads\/2024\/07\/5956247400869903938_121-1024x682.jpg\" alt=\"\" class=\"wp-image-617\" srcset=\"https:\/\/johannesvonbuttlar-schlagzeug.de\/wp-content\/uploads\/2024\/07\/5956247400869903938_121-1024x682.jpg 1024w, https:\/\/johannesvonbuttlar-schlagzeug.de\/wp-content\/uploads\/2024\/07\/5956247400869903938_121-300x200.jpg 300w, https:\/\/johannesvonbuttlar-schlagzeug.de\/wp-content\/uploads\/2024\/07\/5956247400869903938_121-768x512.jpg 768w, https:\/\/johannesvonbuttlar-schlagzeug.de\/wp-content\/uploads\/2024\/07\/5956247400869903938_121.jpg 1280w\" sizes=\"auto, (max-width: 1024px) 100vw, 1024px\" \/><\/figure>\n\n\n\n<p><\/p>\n","protected":false},"excerpt":{"rendered":"<p>Das Altered Forms Trio n\u00e4hert sich explosiver frei improvisierter Musikmit dem Gef\u00fchl des Jazz und der Mentalit\u00e4t der Avantgarde. Das inLeipzig ans\u00e4ssige Trio ist ein Ort der Begegnung f\u00fcr drei vielf\u00e4ltigeMusiker: den Pianisten und Komponisten&hellip; <\/p>\n<p><a class=\"more-link\" href=\"https:\/\/johannesvonbuttlar-schlagzeug.de\/?page_id=374\">Altered Forms Trio weiterlesen<\/a><\/p>\n","protected":false},"author":1,"featured_media":0,"parent":0,"menu_order":0,"comment_status":"closed","ping_status":"closed","template":"","meta":{"footnotes":""},"class_list":["post-374","page","type-page","status-publish","hentry"],"_links":{"self":[{"href":"https:\/\/johannesvonbuttlar-schlagzeug.de\/index.php?rest_route=\/wp\/v2\/pages\/374","targetHints":{"allow":["GET"]}}],"collection":[{"href":"https:\/\/johannesvonbuttlar-schlagzeug.de\/index.php?rest_route=\/wp\/v2\/pages"}],"about":[{"href":"https:\/\/johannesvonbuttlar-schlagzeug.de\/index.php?rest_route=\/wp\/v2\/types\/page"}],"author":[{"embeddable":true,"href":"https:\/\/johannesvonbuttlar-schlagzeug.de\/index.php?rest_route=\/wp\/v2\/users\/1"}],"replies":[{"embeddable":true,"href":"https:\/\/johannesvonbuttlar-schlagzeug.de\/index.php?rest_route=%2Fwp%2Fv2%2Fcomments&post=374"}],"version-history":[{"count":11,"href":"https:\/\/johannesvonbuttlar-schlagzeug.de\/index.php?rest_route=\/wp\/v2\/pages\/374\/revisions"}],"predecessor-version":[{"id":655,"href":"https:\/\/johannesvonbuttlar-schlagzeug.de\/index.php?rest_route=\/wp\/v2\/pages\/374\/revisions\/655"}],"wp:attachment":[{"href":"https:\/\/johannesvonbuttlar-schlagzeug.de\/index.php?rest_route=%2Fwp%2Fv2%2Fmedia&parent=374"}],"curies":[{"name":"wp","href":"https:\/\/api.w.org\/{rel}","templated":true}]}}